te the highest common factor of 150296 and 1592.
8
What is the highest common factor of 168068953 and 65?
13
What is the highest common divisor of 1220 and 1496025?
305
Calculate the greatest common factor of 16495 and 31508749.
3299
Calculate the greatest common divisor of 3601655 and 1740.
145
What is the greatest common divisor of 1056 and 1410849?
33
Calculate the greatest common factor of 27920 and 436610.
10
What is the greatest common divisor of 664 and 5672?
8
What is the highest common factor of 2635 and 1413600?
155
What is the highest common divisor of 102426 and 1890366?
258
What is the highest common divisor of 20878 and 191121008?
1898
What is the highest common factor of 7943 and 1258543?
169
What is the greatest common divisor of 1920 and 273758400?
960
Calculate the greatest common divisor of 555072 and 31335549.
8673
Calculate the greatest common divisor of 38224395 and 930.
465
What is the greatest common factor of 158905 and 29585?
305
Calculate the greatest common divisor of 313486 and 369.
41
Calculate the highest common factor of 20 and 643834010.
10
What is the greatest common factor of 224 and 430399648?
224
What is the highest common factor of 27896 and 3400142?
634
What is the highest common factor of 6747637 and 4422?
67
What is the greatest common factor of 4637318 and 289954?
1946
Calculate the greatest common divisor of 21438502 and 22.
2
What is the highest common divisor of 77072 and 3632?
16
What is the greatest common divisor of 61 and 245733254?
61
Calculate the greatest common factor of 6866456 and 56.
8
Calculate the highest common factor of 15257 and 1843.
19
Calculate the greatest common factor of 66683484 and 14484.
852
What is the highest common divisor of 15930 and 315847650?
1770
What is the highest common divisor of 224 and 13107066?
14
What is the highest common divisor of 715776060 and 7044?
7044
What is the highest common factor of 68388900 and 204?
12
Calculate the greatest common divisor of 1745 and 314449.
349
Calculate the greatest common factor of 1716 and 1647357140.
572
Calculate the highest common factor of 2869 and 1591691.
151
What is the greatest common factor of 1370 and 102587792?
274
Calculate the greatest common factor of 431 and 94440289.
431
What is the greatest common divisor of 30610200 and 850?
850
Calculate the highest common factor of 3496 and 66268.
4
Calculate the highest common divisor of 554541 and 454831.
767
What is the greatest common factor of 1001251193 and 289?
289
What is the greatest common divisor of 819646025 and 55?
55
Calculate the greatest common factor of 11188272 and 7416.
2472
What is the highest common factor of 7221 and 11917057?
2407
Calculate the highest common divisor of 25 and 11418635.
5
What is the highest common factor of 18918915 and 30?
15
What is the highest common factor of 63488 and 11185792?
3968
What is the greatest common factor of 23 and 83616?
1
What is the highest common divisor of 322 and 25360329?
23
What is the greatest common divisor of 176568 and 1058568?
168
What is the greatest common factor of 93516378 and 1236?
618
Calculate the highest common factor of 5145725 and 58433.
71
Calculate the greatest common factor of 5576 and 11867122.
1394
Calculate the greatest common divisor of 1010325 and 9705.
15
What is the highest common factor of 1002116648 and 416?
104
Calculate the highest common divisor of 97360 and 29360.
80
Calculate the highest common divisor of 156 and 7777263.
39
Calculate the greatest common divisor of 146532 and 321996.
12
Calculate the highest common divisor of 192 and 498972.
12
Calculate the highest common divisor of 633 and 50672283.
633
Calculate the highest common factor of 4 and 96662164.
4
What is the highest common divisor of 645825 and 5688?
237
What is the highest common factor of 9257129 and 51?
17
What is the highest common divisor of 1083 and 114570?
57
Calculate the greatest common divisor of 4298 and 4897264.
614
What is the greatest common divisor of 75 and 280493175?
75
What is the highest common factor of 9488568 and 204?
12
What is the greatest common divisor of 19328 and 5656064?
128
What is the highest common divisor of 20280 and 10652915?
845
What is the greatest common factor of 15835302 and 34335?
6867
Calculate the greatest common divisor of 655323 and 4209.
183
Calculate the greatest common factor of 1497 and 3279.
3
Calculate the greatest common factor of 309520 and 54385.
365
Calculate the greatest common factor of 231 and 2485644.
21
What is the highest common factor of 993675 and 54975?
75
Calculate the greatest common factor of 841111 and 171.
19
What is the greatest common factor of 64004 and 1268?
4
Calculate the greatest common factor of 9 and 21913344.
9
What is the greatest common divisor of 10 and 18404732?
2
Calculate the greatest common factor of 20429580 and 1020.
1020
What is the highest common divisor of 456 and 19048080?
24
What is the greatest common factor of 27263 and 42586?
199
What is the highest common divisor of 125258 and 66976?
322
Calculate the greatest common factor of 79 and 199.
1
What is the greatest common factor of 1530 and 3223370?
170
Calculate the greatest common divisor of 742303485 and 3717.
3717
What is the greatest common divisor of 16694235 and 135?
135
Calculate the highest common factor of 439515 and 53559.
9
What is the highest common factor of 38 and 11736446?
2
What is the highest common factor of 8122 and 550986?
262
Calculate the greatest common factor of 1134 and 1764546.
42
What is the highest common divisor of 6149866 and 1418?
1418
What is the greatest common factor of 118462 and 36076534?
1942
What is the highest common divisor of 32453 and 48392?
23
What is the highest common factor of 618 and 58692902?
206
Calculate the highest common divisor of 1794702995 and 713.
713
Calculate the highest common divisor of 269352 and 45711.
27
What is the highest common divisor of 5136 and 740821776?
5136
What is the highest common divisor of 21616441 and 368896?
1441
What is the greatest common divisor of 421931700 and 3348?
3348
What is the greatest common divisor of 32 and 1792326128?
16
Calculate the highest common divisor of 967015 and 4550.
35
Calculate the highest common factor of 187300691 and 1688.
211
Calculate the greatest common divisor of 3426 and 16782.
6
Calculate the greatest common factor of 168 and 165144.
168
Calculate the greatest common divisor of 111753138 and 5058.
1686
Calculate the highest common factor of 2784 and 38666599.
29
Calculate the greatest common divisor of 417508 and 59570.
518
Calculate the highest common divisor of 273 and 10351.
1
Calculate the highest common divisor of 31374 and 368383050.
10458
Calculate the highest common factor of 3348 and 13436388.
108
What is the greatest common factor of 11192 and 96?
8
Calculate the highest common factor of 434 and 6938582.
14
What is the highest common factor of 61850306 and 266?
14
What is the highest common factor of 21 and 5197031?
7
What is the greatest common factor of 5720091 and 234?
39
Calculate the highest common factor of 8490 and 4128970.
2830
What is the greatest common divisor of 558 and 6093294?
6
What is the highest common divisor of 41360214 and 294?
294
What is the highest common factor of 35036 and 624112?
76
What is the highest common divisor of 44452026 and 18?
18
What is the highest common divisor of 39032 and 513366?
238
Calculate the highest common divisor of 13284222 and 35.
7
Calculate the greatest common divisor of 14016 and 2137152.
192
Calculate the greatest common factor of 14 and 7297647.
7
Calculate the greatest common divisor of 167 and 4425667.
167
Calculate the greatest common factor of 3833494 and 119.
7
What is the greatest common factor of 9 and 1994988?
3
What is the highest common divisor of 106382 and 186448?
86
Calculate the highest common factor of 25521276 and 208329.
1947
Calculate the highest common factor of 64 and 137516.
4
Calculate the greatest common divisor of 80 and 10498940.
20
Calculate the greatest common factor of 3366 and 347974.
22
What is the highest common factor of 19423532 and 512246?
10454
What is the greatest common divisor of 5481 and 237789?
27
Calculate the greatest common factor of 38553 and 5